{"id":2212,"date":"2020-03-25T13:43:08","date_gmt":"2020-03-25T12:43:08","guid":{"rendered":"http:\/\/2sinne.de\/blumen-schokolade\/?page_id=2212"},"modified":"2020-03-25T13:48:07","modified_gmt":"2020-03-25T12:48:07","slug":"widerrufsrecht","status":"publish","type":"page","link":"https:\/\/2sinne.de\/blumen-schokolade\/widerrufsrecht\/","title":{"rendered":"Widerrufsrecht"},"content":{"rendered":"\n<p>Sie haben das Recht, binnen 14 Tagen ohne Angabe von Gr\u00fcnden diesen Vertrag zu widerrufen.<\/p>\n\n\n\n<p>Die  Widerrufsfrist betr\u00e4gt 14 Tage ab dem Tag an dem Sie oder ein  von Ihnen  benannter Dritter, der nicht der Bef\u00f6rderer ist, die Waren in  Besitz  genommen haben bzw. hat.<br><br>Um Ihr Widerrufsrecht auszu\u00fcben, m\u00fcssen Sie uns<br>2Sinne<br> Manuela Bermadinger &amp; Claudia Aigner GbR <br>Herzogstra\u00dfe 12<br>80803 M\u00fcnchen<br>E-Mail: <a href=\"mailto:mcb@2sinne.de\">mcb@2sinne.de<\/a><br>Telefon: 089 \/ 34077399<br>mittels   einer eindeutigen Erkl\u00e4rung (z.B. ein mit der Post versandter Brief,   Telefax oder E-Mail) \u00fcber Ihren Entschluss, diesen Vertrag zu   widerrufen, informieren. Sie k\u00f6nnen daf\u00fcr das beigef\u00fcgte   Muster-Widerrufsformular verwenden, das jedoch nicht vorgeschrieben ist.<br><br>Zur   Wahrung der Widerrufsfrist reicht es aus, dass Sie die Mitteilung \u00fcber   die Aus\u00fcbung des Widerrufsrechts vor Ablauf der Widerrufsfrist  absenden.<br><br><br><strong>Folgen des Widerrufs<\/strong><br>Wenn  Sie  diesen Vertrag widerrufen, haben wir Ihnen alle Zahlungen, die wir  von  Ihnen erhalten haben, einschlie\u00dflich der Lieferkosten (mit Ausnahme  der  zus\u00e4tzlichen Kosten, die sich daraus ergeben, dass Sie eine andere  Art  der Lieferung als die von uns angebotene, g\u00fcnstigste  Standardlieferung  gew\u00e4hlt haben), unverz\u00fcglich und sp\u00e4testens binnen 14  Tagen ab dem Tag  zur\u00fcckzuzahlen, an dem die Mitteilung \u00fcber Ihren  Widerruf dieses  Vertrags bei uns eingegangen ist. F\u00fcr diese R\u00fcckzahlung  verwenden wir  dasselbe Zahlungsmittel, das Sie bei der urspr\u00fcnglichen  Transaktion  eingesetzt haben, es sei denn, mit Ihnen wurde ausdr\u00fccklich  etwas  anderes vereinbart; in keinem Fall werden Ihnen wegen dieser   R\u00fcckzahlung Entgelte berechnet. Wir k\u00f6nnen die R\u00fcckzahlung verweigern,  bis wir die Waren wieder zur\u00fcckerhalten haben oder bis Sie den Nachweis  erbracht haben, dass Sie die Waren zur\u00fcckgesandt haben, je nachdem,  welches der fr\u00fchere Zeitpunkt ist.<br><br>Sie  haben die Waren  unverz\u00fcglich und in jedem Fall sp\u00e4testens binnen 14  Tagen ab dem Tag,  an dem Sie uns \u00fcber den Widerruf dieses Vertrags  unterrichten, an uns  2Sinne, Herzogstra\u00dfe 12, 80803 M\u00fcnchen zur\u00fcckzusenden oder zu \u00fcbergeben.  Die Frist ist  gewahrt, wenn Sie die Waren vor Ablauf der Frist von 14  Tagen absenden.  Sie tragen die unmittelbaren Kosten der R\u00fccksendung der  Waren.<br><br>Sie m\u00fcssen f\u00fcr einen etwaigen Wertverlust der Waren nur aufkommen,<br>wenn dieser Wertverlust auf einen zur Pr\u00fcfung der Beschaffenheit, Eigenschaften und<br>Funktionsweise der Waren nicht notwendigen Umgang mit ihnen zur\u00fcckzuf\u00fchren ist.<br><br>(Wenn Sie den Vertrag widerrufen wollen, dann f\u00fcllen Sie bitte dieses Formular aus und senden Sie es zur\u00fcck.)<br><br>\u2013 An  2Sinne, Herzogstra\u00dfe 12, 80803 M\u00fcnchen, E-Mail: mcb@2sinne.de<br><br>\u2013   Hiermit widerrufe(n) ich\/wir (*) den von mir\/uns (*) abgeschlossenen   Vertrag \u00fcber den Kauf der folgenden Ware (*) \/ die Erbringung der   folgenden\u00a0 Dienstleistung (*)<br><br>\u2013 Bestellt am (*) \/ erhalten am (*)<br><br>\u2013 Name des\/der Verbraucher(s)<br><br>\u2013 Anschrift des\/der Verbraucher(s)<br><br>\u2013 Unterschrift des\/der Verbraucher(s) (nur bei Mitteilung auf Papier)<br><br>\u2013 Datum<\/p>\n","protected":false},"excerpt":{"rendered":"<p>Sie haben das Recht, binnen 14 Tagen ohne Angabe von Gr\u00fcnden diesen Vertrag zu widerrufen. Die Widerrufsfrist betr\u00e4gt 14 Tage ab dem Tag an dem Sie oder ein von Ihnen &#8230;<\/p>\n","protected":false},"author":3,"featured_media":0,"parent":0,"menu_order":0,"comment_status":"closed","ping_status":"closed","template":"template-fullwidth.php","meta":{"footnotes":""},"class_list":["post-2212","page","type-page","status-publish","hentry"],"jetpack_sharing_enabled":true,"_links":{"self":[{"href":"https:\/\/2sinne.de\/blumen-schokolade\/wp-json\/wp\/v2\/pages\/2212","targetHints":{"allow":["GET"]}}],"collection":[{"href":"https:\/\/2sinne.de\/blumen-schokolade\/wp-json\/wp\/v2\/pages"}],"about":[{"href":"https:\/\/2sinne.de\/blumen-schokolade\/wp-json\/wp\/v2\/types\/page"}],"author":[{"embeddable":true,"href":"https:\/\/2sinne.de\/blumen-schokolade\/wp-json\/wp\/v2\/users\/3"}],"replies":[{"embeddable":true,"href":"https:\/\/2sinne.de\/blumen-schokolade\/wp-json\/wp\/v2\/comments?post=2212"}],"version-history":[{"count":4,"href":"https:\/\/2sinne.de\/blumen-schokolade\/wp-json\/wp\/v2\/pages\/2212\/revisions"}],"predecessor-version":[{"id":2333,"href":"https:\/\/2sinne.de\/blumen-schokolade\/wp-json\/wp\/v2\/pages\/2212\/revisions\/2333"}],"wp:attachment":[{"href":"https:\/\/2sinne.de\/blumen-schokolade\/wp-json\/wp\/v2\/media?parent=2212"}],"curies":[{"name":"wp","href":"https:\/\/api.w.org\/{rel}","templated":true}]}}